mposite?
False
Is 72327071 prime?
True
Is 87027 a composite number?
True
Is 165587441 a prime number?
True
Is 580189963 composite?
False
Is 59776081 a prime number?
True
Is 32128681 composite?
True
Is 78315257 prime?
False
Is 21842827 composite?
True
Is 51435861 a prime number?
False
Is 6030587 a composite number?
True
Is 2692901 composite?
True
Is 1306486 a prime number?
False
Is 66148737 a prime number?
False
Is 34517803 prime?
False
Is 29314879 a composite number?
True
Is 2181269 prime?
False
Is 104304581 a composite number?
False
Is 28618301 a prime number?
False
Is 840179 a composite number?
False
Is 6830567 prime?
True
Is 8609963 a composite number?
False
Is 19774709 a composite number?
True
Is 4528297 a composite number?
False
Is 78390953 a composite number?
False
Is 484520479 composite?
False
Is 104618533 a prime number?
True
Is 11100827 a prime number?
True
Is 65308967 a prime number?
True
Is 48879481 prime?
False
Is 79883143 composite?
True
Is 50636303 a prime number?
True
Is 8672099 a prime number?
True
Is 14788541 a prime number?
True
Is 355753 prime?
True
Is 20702147 composite?
False
Is 5746463 composite?
True
Is 19589569 a composite number?
False
Is 97566473 composite?
False
Is 42649627 a composite number?
False
Is 52322737 a prime number?
True
Is 36336851 a prime number?
False
Is 539213 a composite number?
True
Is 24600113 a prime number?
True
Is 8710717 prime?
True
Is 58026719 a composite number?
False
Is 1453198 a prime number?
False
Is 15770179 a prime number?
False
Is 4782961 a prime number?
True
Is 7129511 a composite number?
True
Is 10723109 a composite number?
False
Is 7082371 a composite number?
False
Is 2038811 a prime number?
False
Is 6854357 a composite number?
True
Is 50642459 a prime number?
False
Is 7195033 a composite number?
True
Is 965843 a composite number?
False
Is 13239001 a composite number?
False
Is 36047527 a composite number?
False
Is 5328727 a composite number?
False
Is 2254333 a composite number?
True
Is 7505105 a composite number?
True
Is 11341623 a prime number?
False
Is 714053 a composite number?
True
Is 70095671 a composite number?
True
Is 55185881 composite?
False
Is 1935757 a prime number?
True
Is 52793539 a composite number?
False
Is 105996637 prime?
True
Is 17814371 composite?
False
Is 10905443 a composite number?
False
Is 6144071 a prime number?
True
Is 1372859 composite?
True
Is 12059413 prime?
True
Is 74387762 prime?
False
Is 5489221 a prime number?
True
Is 20325619 prime?
True
Is 37714933 a composite number?
False
Is 2371399 a prime number?
False
Is 749010293 prime?
False
Is 7822649 prime?
False
Is 519209017 a prime number?
True
Is 4188169 a composite number?
True
Is 759133 a prime number?
False
Is 3181573 a composite number?
False
Is 7550711 a composite number?
True
Is 2504153 prime?
True
Is 1625531 prime?
False
Is 4863179 composite?
False
Is 576395 a prime number?
False
Is 16349251 prime?
False
Is 396218 a composite number?
True
Is 95382997 prime?
True
Is 74152829 prime?
False
Is 187911743 prime?
True
Is 2570329 a composite number?
True
Is 1202959 prime?
True
Is 4872059 composite?
False
Is 9708407 a prime number?
False
Is 71957873 a prime number?
False
Is 29305169 composite?
False
Is 77405987 a composite number?
True
Is 3834829 a composite number?
False
Is 1515639 composite?
True
Is 1507349 composite?
True
Is 214637 composite?
True
Is 4119809 composite?
False
Is 58580251 a prime number?
False
Is 285986447 a composite number?
False
Is 61866851 prime?
True
Is 100216271 composite?
False
Is 103769 composite?
False
Is 12118961 prime?
True
Is 58166617 a prime number?
True
Is 51251479 composite?
True
Is 104365 prime?
False
Is 18196501 a prime number?
False
Is 207797155 prime?
False
Is 11464793 a prime number?
True
Is 12482543 prime?
False
Is 334483 a composite number?
True
Is 733595021 prime?
True
Is 7556631 composite?
True
Is 4491361 composite?
True
Is 47477627 prime?
False
Is 12247103 a prime number?
False
Is 4626511 a composite number?
False
Is 14442719 prime?
False
Is 837219 a prime number?
False
Is 3154967 composite?
False
Is 77548495 composite?
True
Is 9025201 a composite number?
False
Is 145227191 a prime number?
False
Is 29890801 prime?
True
Is 221863431 prime?
False
Is 4848691 a composite number?
True
Is 14874433 a composite number?
True
Is 11743013 composite?
False
Is 8935877 a composite number?
True
Is 98801609 a composite number?
True
Is 29869747 a prime number?
True
Is 37605457 prime?
True
Is 48533893 prime?
True
Is 1972469 a prime number?
False
Is 2209273 prime?
False
Is 2583249 composite?
True
Is 1488923 a prime number?
False
Is 952666243 prime?
False
Is 124965821 a composite number?
False
Is 191993 composite?
True
Is 42292163 prime?
False
Is 64516973 prime?
True
Is 9857513 prime?
True
Is 58955717 prime?
True
Is 40019299 a prime number?
True
Is 26837189 prime?
True
Is 40463285 prime?
False
Is 7853903 a composite number?
True
Is 522272137 composite?
False
Is 521825133 a prime number?
False
Is 148261823 prime?
False
Is 25580651 a composite number?
True
Is 348458207 prime?
True
Is 11067143 prime?
True
Is 846947 a prime number?
False
Is 5029169 prime?
True
Is 35362507 a composite number?
False
Is 237583067 a composite number?
False
Is 16449061 a prime number?
False
Is 116367323 a prime number?
False
Is 26366801 a prime number?
True
Is 55839871 a composite number?
False
Is 3986987 composite?
False
Is 411870981 a prime number?
False
Is 39870739 prime?
True
Is 234735977 composite?
True
Is 9637963 composite?
True
Is 914061 prime?
False
Is 34857919 a composite number?
True
Is 22668301 composite?
True
Is 372309101 a composite number?
True
Is 45919279 composite?
True
Is 35333981 a composite number?
False
Is 5594231 a prime number?
False
Is 1170877 prime?
False
Is 653327 a prime number?
False
Is 18181883 prime?
False
Is 77884277 composite?
False
Is 1914037 a composite number?
True
Is 25844779 prime?
True
Is 10176101 a composite number?
True
Is 1707007 a prime number?
False
Is 20095457 a prime number?
False
Is 19277333 a prime number?
False
Is 7321 a prime number?
True
Is 1171441 a prime number?
False
Is 87257543 a prime number?
True
Is 335100599 a composite number?
False
Is 3948667 prime?
True
Is 1973447 a prime number?
False
Is 1633187 composite?
False
Is 3876161 a composite number?
False
Is 60448763 prime?
True
Is 5183131 composite?
False
Is 11675267 a composite number?
False
Is 257506499 prime?
True
Is 9983147 a composite number?
True
Is 53727629 a prime number?
True
Is 440009 a prime number?
True
Is 7121957 composite?
True
Is 6870869 prime?
True
Is 143960543 a composite number?
False
Is 154751177 prime?
False
Is 63046481 a prime number?
True
Is 263424739 prime?
False
Is 49876633 prime?
True
Is 3790103 composite?
False
Is 638953583 composite?
False
Is 77304167 composite?
False
Is 151799 prime?
True
Is 1862633 a composite number?
False
Is 404020627 a composite number?
False
Is 17752417 prime?
False
Is 2540663 a composite number?
False
Is 23893801 prime?
True
Is 959941 prime?
True
Is 69395909 prime?
False
Is 12587677 prime?
True
Is 2676941 a prime number?
False
Is 367446119 a composite number?
False
Is 340935911 prime?
True
Is 76082737 a prime number?
True
Is 6086057 prime?
True
Is 757993 composite?
False
Is 2689309 prime?
False
Is 2566427 a prime number?
True
Is 456809 a composite number?
False
Is 24169207 a prime number?
True
Is 3808397 composite?
False
Is 15682237 a composite number?
False
Is 4981661 a prime number?
False
Is 1772959 composite?
False
Is 11789423 composite?
True
Is 4099129 prime?
False
Is 64779587 composite?
False
Is 1060039 prime?
True
Is 410899 a prime number?
True
Is 2289571 composite?
False
Is 1805534947 a prime number?
True
Is 185849 composite?
False
Is 509717 composite?
True
Is 1833113 prime?
True
Is 6297581 prime?
True
Is 7696787 a composite number?
True
Is 99496457 a prime number?
False
Is 88933463 composite?
False
Is 38957021 composite?
False
Is 16108057 a composite number?
True
Is 18860833 prime?
False
Is 44662277 composite?
True
Is 5742445 a prime number?
False
Is 619247 a composite number?
False
Is 1100023 a prime number?
True
Is 110521283 a composite number?
False
Is 20994037 prime?
False
Is 7704722 composite?
True
Is 3595589 a composite number?
False
Is 27